{"id":698,"date":"2024-11-14T23:29:10","date_gmt":"2024-11-14T22:29:10","guid":{"rendered":"https:\/\/ethanielle.fr\/?post_type=product&#038;p=698"},"modified":"2025-09-10T14:46:31","modified_gmt":"2025-09-10T12:46:31","slug":"tenue-chaperon-rouge-t36-46-location","status":"publish","type":"product","link":"https:\/\/ethanielle.fr\/index.php\/produit\/tenue-chaperon-rouge-t36-46-location\/","title":{"rendered":"Tenue Chaperon rouge T36-46 &#8211; Location"},"content":{"rendered":"","protected":false},"excerpt":{"rendered":"<p>Bient\u00f4t disponible \u00e0 la location, il va falloir \u00eatre encore un peu patient. (si besoin contactez moi\u00a0 via info@ethanielle.fr )<\/p>\n<p>&nbsp;<\/p>\n","protected":false},"featured_media":697,"comment_status":"closed","ping_status":"closed","template":"","meta":[],"product_brand":[],"product_cat":[29],"product_tag":[],"class_list":{"0":"post-698","1":"product","2":"type-product","3":"status-publish","4":"has-post-thumbnail","6":"product_cat-location","7":"product_shipping_class-location","9":"first","10":"outofstock","11":"shipping-taxable","12":"purchasable","13":"product-type-simple"},"jetpack_sharing_enabled":true,"_links":{"self":[{"href":"https:\/\/ethanielle.fr\/index.php\/wp-json\/wp\/v2\/product\/698","targetHints":{"allow":["GET"]}}],"collection":[{"href":"https:\/\/ethanielle.fr\/index.php\/wp-json\/wp\/v2\/product"}],"about":[{"href":"https:\/\/ethanielle.fr\/index.php\/wp-json\/wp\/v2\/types\/product"}],"replies":[{"embeddable":true,"href":"https:\/\/ethanielle.fr\/index.php\/wp-json\/wp\/v2\/comments?post=698"}],"wp:featuredmedia":[{"embeddable":true,"href":"https:\/\/ethanielle.fr\/index.php\/wp-json\/wp\/v2\/media\/697"}],"wp:attachment":[{"href":"https:\/\/ethanielle.fr\/index.php\/wp-json\/wp\/v2\/media?parent=698"}],"wp:term":[{"taxonomy":"product_brand","embeddable":true,"href":"https:\/\/ethanielle.fr\/index.php\/wp-json\/wp\/v2\/product_brand?post=698"},{"taxonomy":"product_cat","embeddable":true,"href":"https:\/\/ethanielle.fr\/index.php\/wp-json\/wp\/v2\/product_cat?post=698"},{"taxonomy":"product_tag","embeddable":true,"href":"https:\/\/ethanielle.fr\/index.php\/wp-json\/wp\/v2\/product_tag?post=698"}],"curies":[{"name":"wp","href":"https:\/\/api.w.org\/{rel}","templated":true}]}}