{"id":492,"date":"2024-11-08T18:27:22","date_gmt":"2024-11-08T17:27:22","guid":{"rendered":"https:\/\/ethanielle.fr\/?post_type=product&#038;p=492"},"modified":"2025-09-10T14:26:49","modified_gmt":"2025-09-10T12:26:49","slug":"corset-renaissance-bleu-fleuri-ts","status":"publish","type":"product","link":"https:\/\/ethanielle.fr\/index.php\/produit\/corset-renaissance-bleu-fleuri-ts\/","title":{"rendered":"Corset renaissance Bleu fleuri TS"},"content":{"rendered":"<p>Fabrication artisanal dans les Hautes Pyr\u00e9n\u00e9es.<\/p>\n","protected":false},"excerpt":{"rendered":"<p>Corset couvrant renaissance en coton bleu fleuri et soie bleu fleuri. Il est balein\u00e9 mais reste agr\u00e9able \u00e0 porter. R\u00e9versible.<br \/>\nCet exemplaire est disponible rapidement en taille S (tour de poitrine entre 82 et 88 et de taille entre 64 et 70 cm).<\/p>\n<p>&nbsp;<\/p>\n","protected":false},"featured_media":454,"comment_status":"closed","ping_status":"closed","template":"","meta":[],"product_brand":[],"product_cat":[31,41],"product_tag":[],"class_list":{"0":"post-492","1":"product","2":"type-product","3":"status-publish","4":"has-post-thumbnail","6":"product_cat-corsets","7":"product_cat-renaissance","8":"product_shipping_class-leger","10":"first","11":"instock","12":"shipping-taxable","13":"purchasable","14":"product-type-simple"},"jetpack_sharing_enabled":true,"_links":{"self":[{"href":"https:\/\/ethanielle.fr\/index.php\/wp-json\/wp\/v2\/product\/492","targetHints":{"allow":["GET"]}}],"collection":[{"href":"https:\/\/ethanielle.fr\/index.php\/wp-json\/wp\/v2\/product"}],"about":[{"href":"https:\/\/ethanielle.fr\/index.php\/wp-json\/wp\/v2\/types\/product"}],"replies":[{"embeddable":true,"href":"https:\/\/ethanielle.fr\/index.php\/wp-json\/wp\/v2\/comments?post=492"}],"wp:featuredmedia":[{"embeddable":true,"href":"https:\/\/ethanielle.fr\/index.php\/wp-json\/wp\/v2\/media\/454"}],"wp:attachment":[{"href":"https:\/\/ethanielle.fr\/index.php\/wp-json\/wp\/v2\/media?parent=492"}],"wp:term":[{"taxonomy":"product_brand","embeddable":true,"href":"https:\/\/ethanielle.fr\/index.php\/wp-json\/wp\/v2\/product_brand?post=492"},{"taxonomy":"product_cat","embeddable":true,"href":"https:\/\/ethanielle.fr\/index.php\/wp-json\/wp\/v2\/product_cat?post=492"},{"taxonomy":"product_tag","embeddable":true,"href":"https:\/\/ethanielle.fr\/index.php\/wp-json\/wp\/v2\/product_tag?post=492"}],"curies":[{"name":"wp","href":"https:\/\/api.w.org\/{rel}","templated":true}]}}