{"id":325,"date":"2024-10-29T18:16:32","date_gmt":"2024-10-29T17:16:32","guid":{"rendered":"https:\/\/ethanielle.fr\/?post_type=product&#038;p=325"},"modified":"2025-09-10T14:28:57","modified_gmt":"2025-09-10T12:28:57","slug":"boucles-doreilles-coquelicot","status":"publish","type":"product","link":"https:\/\/ethanielle.fr\/index.php\/produit\/boucles-doreilles-coquelicot\/","title":{"rendered":"Boucles d&rsquo;oreilles Coquelicot"},"content":{"rendered":"<p>Fabriqu\u00e9es dans un atelier des Hautes Pyr\u00e9n\u00e9es.<\/p>\n","protected":false},"excerpt":{"rendered":"<p>Boucles d&rsquo;oreilles coquelicots.<br \/>\nFleurs en 3D.<br \/>\nAu c\u0153ur se nichent 3 perles \u00e0 facettes noires qui jouent avec la lumi\u00e8re.<br \/>\nLa taille de la fleur est de 4cm de haut et 4 cm de large. (7 cm avec le crochet)<br \/>\nVous pouvez choisir la finition argent\u00e9 ou dor\u00e9. (Crochets en acier inoxydable)<\/p>\n","protected":false},"featured_media":318,"comment_status":"closed","ping_status":"closed","template":"","meta":[],"product_brand":[],"product_cat":[27,40,138],"product_tag":[],"class_list":{"0":"post-325","1":"product","2":"type-product","3":"status-publish","4":"has-post-thumbnail","6":"product_cat-accessoires-mode","7":"product_cat-bijoux","8":"product_cat-fleurs-3-d","9":"product_shipping_class-leger","11":"first","12":"instock","13":"shipping-taxable","14":"purchasable","15":"product-type-variable"},"jetpack_sharing_enabled":true,"_links":{"self":[{"href":"https:\/\/ethanielle.fr\/index.php\/wp-json\/wp\/v2\/product\/325","targetHints":{"allow":["GET"]}}],"collection":[{"href":"https:\/\/ethanielle.fr\/index.php\/wp-json\/wp\/v2\/product"}],"about":[{"href":"https:\/\/ethanielle.fr\/index.php\/wp-json\/wp\/v2\/types\/product"}],"replies":[{"embeddable":true,"href":"https:\/\/ethanielle.fr\/index.php\/wp-json\/wp\/v2\/comments?post=325"}],"wp:featuredmedia":[{"embeddable":true,"href":"https:\/\/ethanielle.fr\/index.php\/wp-json\/wp\/v2\/media\/318"}],"wp:attachment":[{"href":"https:\/\/ethanielle.fr\/index.php\/wp-json\/wp\/v2\/media?parent=325"}],"wp:term":[{"taxonomy":"product_brand","embeddable":true,"href":"https:\/\/ethanielle.fr\/index.php\/wp-json\/wp\/v2\/product_brand?post=325"},{"taxonomy":"product_cat","embeddable":true,"href":"https:\/\/ethanielle.fr\/index.php\/wp-json\/wp\/v2\/product_cat?post=325"},{"taxonomy":"product_tag","embeddable":true,"href":"https:\/\/ethanielle.fr\/index.php\/wp-json\/wp\/v2\/product_tag?post=325"}],"curies":[{"name":"wp","href":"https:\/\/api.w.org\/{rel}","templated":true}]}}