{"id":271,"date":"2024-10-29T15:45:38","date_gmt":"2024-10-29T14:45:38","guid":{"rendered":"https:\/\/ethanielle.fr\/?post_type=product&#038;p=271"},"modified":"2026-04-09T04:34:11","modified_gmt":"2026-04-09T02:34:11","slug":"underbust-style-bridgerton-rose","status":"publish","type":"product","link":"https:\/\/ethanielle.fr\/index.php\/produit\/underbust-style-bridgerton-rose\/","title":{"rendered":"Underbust Style Bridgerton Rose"},"content":{"rendered":"<p>Fabrication artisanale dans un atelier en Hautes Pyr\u00e9n\u00e9es.<\/p>\n","protected":false},"excerpt":{"rendered":"<p>Corset underbust (sous poitrine) dans un style \u00ab\u00a0Bridgeton\u00a0\u00bb.<\/p>\n<p>Il n&rsquo;existe que 2 exemplaires de celui ci et il ne sera pas possible de le refaire. (je n&rsquo;ai plus ces tissus mais en commande personnaliser on peut essayer de s&rsquo;approcher du style avec d&rsquo;autres tissus pour cela contactez moi via le formulaire de contact dans l&rsquo;onglet \u00ab\u00a0sur mesure\u00a0\u00bb.<\/p>\n<p>Fermeture \u00e0 Busc devant et la\u00e7age au dos. Hauteur du corset : devant : 26 cm, dos : 19.7 cm.<\/p>\n<p>La taille M mesure environ 86 cm de tour, il pourra \u00eatre port\u00e9 avec un tour de taille allant de 83 cm (comme le mod\u00e8le sur la photo port\u00e9) \u00e0 96 cm environ (bien s\u00fbr cela d\u00e9pend de votre morphologie mais le la\u00e7age au dos permet d&rsquo;ajuster au mieux)<\/p>\n<p>La taille S mesure environ 65 cm de tour, il pourra \u00eatre port\u00e9 avec un tour de taille allant de 63 cm \u00e0 76 cm env.(bien s\u00fbr cela d\u00e9pend de votre morphologie mais le la\u00e7age au dos permet d&rsquo;ajuster au mieux)<\/p>\n","protected":false},"featured_media":256,"comment_status":"open","ping_status":"closed","template":"","meta":[],"product_brand":[],"product_cat":[31,42],"product_tag":[],"class_list":{"0":"post-271","1":"product","2":"type-product","3":"status-publish","4":"has-post-thumbnail","6":"product_cat-corsets","7":"product_cat-underbust","9":"first","10":"instock","11":"shipping-taxable","12":"purchasable","13":"product-type-variable"},"jetpack_sharing_enabled":true,"_links":{"self":[{"href":"https:\/\/ethanielle.fr\/index.php\/wp-json\/wp\/v2\/product\/271","targetHints":{"allow":["GET"]}}],"collection":[{"href":"https:\/\/ethanielle.fr\/index.php\/wp-json\/wp\/v2\/product"}],"about":[{"href":"https:\/\/ethanielle.fr\/index.php\/wp-json\/wp\/v2\/types\/product"}],"replies":[{"embeddable":true,"href":"https:\/\/ethanielle.fr\/index.php\/wp-json\/wp\/v2\/comments?post=271"}],"wp:featuredmedia":[{"embeddable":true,"href":"https:\/\/ethanielle.fr\/index.php\/wp-json\/wp\/v2\/media\/256"}],"wp:attachment":[{"href":"https:\/\/ethanielle.fr\/index.php\/wp-json\/wp\/v2\/media?parent=271"}],"wp:term":[{"taxonomy":"product_brand","embeddable":true,"href":"https:\/\/ethanielle.fr\/index.php\/wp-json\/wp\/v2\/product_brand?post=271"},{"taxonomy":"product_cat","embeddable":true,"href":"https:\/\/ethanielle.fr\/index.php\/wp-json\/wp\/v2\/product_cat?post=271"},{"taxonomy":"product_tag","embeddable":true,"href":"https:\/\/ethanielle.fr\/index.php\/wp-json\/wp\/v2\/product_tag?post=271"}],"curies":[{"name":"wp","href":"https:\/\/api.w.org\/{rel}","templated":true}]}}