{"id":2153,"date":"2024-11-26T19:34:03","date_gmt":"2024-11-26T18:34:03","guid":{"rendered":"https:\/\/ethanielle.fr\/?post_type=product&#038;p=2153"},"modified":"2026-04-13T18:20:04","modified_gmt":"2026-04-13T16:20:04","slug":"les-mantaines-manchettes-mitaines-transformable","status":"publish","type":"product","link":"https:\/\/ethanielle.fr\/index.php\/produit\/les-mantaines-manchettes-mitaines-transformable\/","title":{"rendered":"Les Mantaines (manchettes\/mitaines transformable)"},"content":{"rendered":"<p>Fabrication artisanale dans un atelier des Hautes Pyr\u00e9n\u00e9es.<\/p>\n","protected":false},"excerpt":{"rendered":"<p><strong>De nouveau en stock mais sur commande !!\u00a0<\/strong><\/p>\n<p><strong>Les Mantaines : l\u2019alliance parfaite entre mitaines et manchettes !<\/strong><\/p>\n<p>Polyvalentes et pratiques, les Mantaines se portent de 4 fa\u00e7ons diff\u00e9rentes selon vos besoins et la m\u00e9t\u00e9o. Elles gardent vos mains bien au chaud tout en laissant vos doigts libres pour plus de confort et de libert\u00e9.<\/p>\n<p>\ud83d\udc49 <strong>Choisissez votre mod\u00e8le pr\u00e9f\u00e9r\u00e9 :<\/strong><\/p>\n<ul>\n<li>S\u00e9lectionnez une r\u00e9f\u00e9rence dans le menu d\u00e9roulant : la photo s\u2019ajustera automatiquement pour vous guider.<\/li>\n<li>Pour une cr\u00e9ation 100% personnalis\u00e9e, rendez-vous <a href=\"https:\/\/ethanielle.fr\/index.php\/produit\/mantaines-manchette-mitaine-transformable\/\" rel=\"noopener\">ici<\/a>.<\/li>\n<\/ul>\n<p>Un accessoire incontournable pour affronter l\u2019hiver avec style et confort !<\/p>\n<p>Vous pourrez \u00e9galement en retrouver dans les boutique physiques suivantes :<\/p>\n<ul>\n<li>Esprit occitan \u00e0 Cierp-Gaud<\/li>\n<li>Showroom Enchant\u00e9 \u00e0 Toulouse (16 rue pierre de Fermat)<\/li>\n<\/ul>\n","protected":false},"featured_media":2164,"comment_status":"open","ping_status":"closed","template":"","meta":[],"product_brand":[],"product_cat":[27,38],"product_tag":[150,146,63,147,62,57,61,151,60,148,152,149],"class_list":{"0":"post-2153","1":"product","2":"type-product","3":"status-publish","4":"has-post-thumbnail","6":"product_cat-accessoires-mode","7":"product_cat-mantaines","8":"product_tag-chaud","9":"product_tag-froid","10":"product_tag-hivers","11":"product_tag-jersey","12":"product_tag-manchette","13":"product_tag-mantaine","14":"product_tag-mitaine","15":"product_tag-polyvalent","16":"product_tag-sherpa","17":"product_tag-torsade","18":"product_tag-transformable","19":"product_tag-tricot","20":"product_shipping_class-leger","22":"first","23":"instock","24":"shipping-taxable","25":"purchasable","26":"product-type-variable"},"jetpack_sharing_enabled":true,"_links":{"self":[{"href":"https:\/\/ethanielle.fr\/index.php\/wp-json\/wp\/v2\/product\/2153","targetHints":{"allow":["GET"]}}],"collection":[{"href":"https:\/\/ethanielle.fr\/index.php\/wp-json\/wp\/v2\/product"}],"about":[{"href":"https:\/\/ethanielle.fr\/index.php\/wp-json\/wp\/v2\/types\/product"}],"replies":[{"embeddable":true,"href":"https:\/\/ethanielle.fr\/index.php\/wp-json\/wp\/v2\/comments?post=2153"}],"wp:featuredmedia":[{"embeddable":true,"href":"https:\/\/ethanielle.fr\/index.php\/wp-json\/wp\/v2\/media\/2164"}],"wp:attachment":[{"href":"https:\/\/ethanielle.fr\/index.php\/wp-json\/wp\/v2\/media?parent=2153"}],"wp:term":[{"taxonomy":"product_brand","embeddable":true,"href":"https:\/\/ethanielle.fr\/index.php\/wp-json\/wp\/v2\/product_brand?post=2153"},{"taxonomy":"product_cat","embeddable":true,"href":"https:\/\/ethanielle.fr\/index.php\/wp-json\/wp\/v2\/product_cat?post=2153"},{"taxonomy":"product_tag","embeddable":true,"href":"https:\/\/ethanielle.fr\/index.php\/wp-json\/wp\/v2\/product_tag?post=2153"}],"curies":[{"name":"wp","href":"https:\/\/api.w.org\/{rel}","templated":true}]}}