{"id":1259,"date":"2024-11-21T18:22:49","date_gmt":"2024-11-21T17:22:49","guid":{"rendered":"https:\/\/ethanielle.fr\/?post_type=product&#038;p=1259"},"modified":"2026-04-13T18:20:35","modified_gmt":"2026-04-13T16:20:35","slug":"snood","status":"publish","type":"product","link":"https:\/\/ethanielle.fr\/index.php\/produit\/snood\/","title":{"rendered":"Snood"},"content":{"rendered":"<p>Fabrication artisanale dans un atelier en Haute Pyr\u00e9n\u00e9es. Ces snoods sont confectionn\u00e9es \u00e0 la commande, aussi un d\u00e9lais de fabrication de 4 \u00e0 5 jours peut \u00eatre appliqu\u00e9. Si c&rsquo;est une commande urgente ajouter l&rsquo;option express \u00e0 votre panier.<\/p>\n","protected":false},"excerpt":{"rendered":"<p>Pour tout ceux qui aime le simple et efficace !<\/p>\n<p>Enveloppez-vous de douceur et de chaleur avec notre <strong>snood enchant\u00e9<\/strong>, une cr\u00e9ation artisanale n\u00e9e au c\u0153ur des Hautes-Pyr\u00e9n\u00e9es, dans l\u2019atelier d\u2019Ethanielle. Ce cocon textile marie la tendresse du jersey tricot moelleux et la chaleur r\u00e9confortante de sa face en sherpa.<\/p>\n<p>Facile \u00e0 enfiler, il s\u2019adapte \u00e0 tous et se d\u00e9ploie jusqu\u2019\u00e0 couvrir vos oreilles, vous prot\u00e9geant tendrement des souffles glac\u00e9s de l\u2019hiver. Sublimez votre allure en l\u2019associant \u00e0 nos <strong>Mantaines<\/strong>, pour une harmonie parfaite entre style et confort.<\/p>\n<p>Chaque snood est une invitation \u00e0 la r\u00eaverie, confectionn\u00e9 avec soin et passion pour r\u00e9chauffer vos jours d\u2019hiver. \ud83c\udf19<\/p>\n<p>Taille : 62 cm de circonf\u00e9rence et 22 cm de hauteur.<\/p>\n","protected":false},"featured_media":1258,"comment_status":"open","ping_status":"closed","template":"","meta":[],"product_brand":[],"product_cat":[27,39],"product_tag":[144,145,58,146,63,59,60,143],"class_list":{"0":"post-1259","1":"product","2":"type-product","3":"status-publish","4":"has-post-thumbnail","6":"product_cat-accessoires-mode","7":"product_cat-foulard-snood","8":"product_tag-coup","9":"product_tag-echarpe","10":"product_tag-ethanielle","11":"product_tag-froid","12":"product_tag-hivers","13":"product_tag-moumoute","14":"product_tag-sherpa","15":"product_tag-snood","16":"product_shipping_class-leger","18":"first","19":"instock","20":"shipping-taxable","21":"purchasable","22":"product-type-variable"},"jetpack_sharing_enabled":true,"_links":{"self":[{"href":"https:\/\/ethanielle.fr\/index.php\/wp-json\/wp\/v2\/product\/1259","targetHints":{"allow":["GET"]}}],"collection":[{"href":"https:\/\/ethanielle.fr\/index.php\/wp-json\/wp\/v2\/product"}],"about":[{"href":"https:\/\/ethanielle.fr\/index.php\/wp-json\/wp\/v2\/types\/product"}],"replies":[{"embeddable":true,"href":"https:\/\/ethanielle.fr\/index.php\/wp-json\/wp\/v2\/comments?post=1259"}],"wp:featuredmedia":[{"embeddable":true,"href":"https:\/\/ethanielle.fr\/index.php\/wp-json\/wp\/v2\/media\/1258"}],"wp:attachment":[{"href":"https:\/\/ethanielle.fr\/index.php\/wp-json\/wp\/v2\/media?parent=1259"}],"wp:term":[{"taxonomy":"product_brand","embeddable":true,"href":"https:\/\/ethanielle.fr\/index.php\/wp-json\/wp\/v2\/product_brand?post=1259"},{"taxonomy":"product_cat","embeddable":true,"href":"https:\/\/ethanielle.fr\/index.php\/wp-json\/wp\/v2\/product_cat?post=1259"},{"taxonomy":"product_tag","embeddable":true,"href":"https:\/\/ethanielle.fr\/index.php\/wp-json\/wp\/v2\/product_tag?post=1259"}],"curies":[{"name":"wp","href":"https:\/\/api.w.org\/{rel}","templated":true}]}}